e 4*y - 695 = -y + 2*j, -3*j - 417 = -3*y. Suppose -5*a + y + 221 = 0. What is the highest common factor of 8 and a?
8
Let a(g) = 16*g + 15. Let f be a(-3). Let v = -29 - f. Suppose 3*d = -2*t + 15, -4*t - 4*d = -v - 32. What is the greatest common divisor of 4 and t?
4
Let a be (-3 - -161)*((-15)/(-2) + -1). Calculate the highest common factor of 79 and a.
79
Suppose 3*a + 4*i - 100 = 0, 53*a - 5*i = 56*a - 98. Suppose -p + 1944 = p. Calculate the highest common factor of p and a.
36
Let u be (-248)/(-32) - 6/8. Let b = -97 - -102. Suppose -11 = b*m - 291. Calculate the greatest common divisor of u and m.
7
Let s = 29 + -25. Suppose 0*z = 3*h - 2*z + 8, h = z - s. Suppose h = -p - 6 + 2, -3*a + 204 = 3*p. Calculate the highest common divisor of a and 12.
12
Suppose 47*b - 23*b - 42*b + 172062 = 0. Calculate the greatest common factor of 242 and b.
121
Let m = 13279 - 6271. What is the highest common divisor of m and 96?
96
Let a = 2078 + 830. Calculate the highest common divisor of a and 4.
4
Suppose 0 = 51*g + 15*g - 2376. What is the greatest common factor of g and 292?
4
Let q(b) be the first derivative of b**4 + b**3 - 3*b**2 + 7*b + 66. Let v be q(4). Calculate the greatest common factor of v and 41.
41
Suppose 45541 = 11*y - 7754. What is the highest common divisor of y and 1140?
285
Let u = 36 - -20. Suppose 0 = 188*y - 150*y - 1596. Calculate the greatest common divisor of u and y.
14
Suppose 0 = 47*a - 2824 + 2213. Let y be (-24)/((-214)/52 - -4). What is the greatest common factor of y and a?
13
Let k be 65970/240 - ((-45)/(-24) + -2). Calculate the highest common factor of k and 300.
25
Suppose 156 - 772 = -4*y. Suppose -6*k + y - 46 = 0. Calculate the greatest common divisor of 9 and k.
9
Suppose 4*y = 3*y + k - 1999, 0 = -3*y - 3*k - 5985. Let o = y - -3372. What is the highest common divisor of 55 and o?
55
Let z(d) = 316*d - 580. Let t be z(3). What is the highest common factor of t and 115?
23
Let v be (1/(7/4))/((-4)/(-14)). Let l be 124/v + 3/(9/6). Suppose m + 53 = l. Calculate the highest common factor of 77 and m.
11
Let h = -34 - -31. Let u be 4 + -5 - (-27 - h). Suppose 5*f - x - u = -7, -4*f + x + 13 = 0. Calculate the greatest common factor of 9 and f.
3
Let v(t) = -22*t - 8. Let a be v(1). Let q be (100/300)/(1*(-2)/a). What is the highest common divisor of q and 20?
5
Let j = -11930 - -14940. What is the highest common divisor of 10 and j?
10
Suppose -2*m + 10 = 0, 334 = 5*s - 3*m - 146. Suppose z + 12*h = 15*h + s, -5*h - 389 = -4*z. What is the highest common divisor of 144 and z?
48
Let z = 341 + -6. Suppose 5*g = -2*q + 1735, 2*q = -g + 2*g - z. What is the greatest common divisor of 15 and g?
15
Suppose 0 = 5*w + 4*h + h - 6120, 0 = -3*w - 2*h + 3666. Let a(f) = -f**3 - 8*f**2 - 9*f + 7. Let k be a(-7). What is the greatest common divisor of k and w?
21
Let b = 42 + -30. Suppose 0 = -3*z - 3*n - 7 + 34, 0 = -4*z - 2*n + 42. Suppose 242 + 46 = z*d. What is the greatest common factor of d and b?
12
Suppose 0 = 5*p + 4*s - 262, 4*p = 2*p - s + 103. Suppose -2*i = -j + 24, 3*j - i - p = -6*i. What is the highest common divisor of 160 and j?
20
Let f(m) = m**3 + 13*m**2 - 16*m - 15. Let x be ((-1)/(-2))/(-4*5/560). Let c be f(x). Let o = c + 32. Calculate the highest common divisor of 45 and o.
45
Suppose 4*i = -4*q + 1792 - 344, q + 3*i = 364. Let r = -226 + q. Let u(g) = -3*g - 3. Let z be u(-6). What is the greatest common divisor of r and z?
15
Let h = -250 - -612. Calculate the greatest common factor of 6 and h.
2
Suppose o - 4*m = -4*o + 25610, 4*o = -5*m + 20488. Suppose 7*t - 1661 = o. Suppose -14*z + t + 39 = 0. What is the greatest common divisor of 8 and z?
8
Let s(t) = -t**2 - 52*t - 6. Let f be s(-48). Calculate the highest common factor of f and 1209.
93
Suppose -4*v - 5069 = -5*z - 584, -2*v - 4485 = -5*z. Calculate the greatest common factor of z and 276.
69
Let k be -12 - (-2401)/28 - 3/(-12). Calculate the greatest common factor of 12358 and k.
74
Let l(h) = 165*h - 9513. Let i be l(69). Calculate the greatest common divisor of 504 and i.
72
Let k = -99 + 87. Let l(g) = -188*g - 66. Let w be l(k). Let c be w/14 - (-15)/(-35). What is the highest common factor of c and 12?
12
Suppose -5*x = 5*j - 3055, 13*x + 4*j + 1228 = 15*x. What is the greatest common divisor of x and 468?
36
Let g(f) = 1284*f - 2314. Let a be g(11). What is the greatest common factor of 10 and a?
10
Let d = -382 + 590. Suppose 5*g + 8*b = 3*b + 90, g - 3*b = 10. Calculate the greatest common divisor of d and g.
16
Suppose -2*j - 6*l + 23 = -l, 4 = 4*j - 4*l. Let i = 9 + -4. Let b = -3 + i. What is the highest common factor of b and j?
2
Let b(j) = 22*j + 5. Let v be b(-3). Let h = v - -114. Suppose 2*r - h = -3*d, 5*d + 2*r - 91 = -0*d. Calculate the highest common divisor of d and 19.
19
Suppose 0 = -717*u + 692*u + 79200. What is the highest common divisor of u and 22?
22
Let a = -19 - -42. Suppose 0 = 6*s - 25 - a. Suppose s*q = q + 49. Calculate the greatest common divisor of 28 and q.
7
Suppose 266 - 256 = 2*r. Suppose r*o - 209 = 41. Let n = -38 + o. What is the greatest common divisor of 36 and n?
12
Let c = -367 + 375. Suppose 0 = -y + 4*x - c*x + 252, 231 = y - 3*x. Calculate the highest common factor of y and 15.
15
Let f(c) = -35*c - 144. Let b be f(-9). Suppose 2*g - b = -17*g. Let o = 26 - -1. What is the greatest common divisor of g and o?
9
Let f = 3974 - 1037. Let g = -1084 + f. Let l be g/7 + 10/35. Calculate the greatest common factor of l and 53.
53
Suppose -22*w = -2921 - 203. Suppose 0 = 2*q - 2*n - w, -4*q + 0*q = 5*n - 311. What is the highest common divisor of 259 and q?
37
Suppose -115*g + 2767 = 1272. What is the greatest common divisor of g and 4849?
13
Let d be ((-67)/13 - 4/(-26))/(-1). Suppose -d*l + 98 = 3*c, 3*c = l - 13 - 3. Let x = l + -11. What is the highest common divisor of x and 32?
8
Suppose -4*u + 564 = 3*b, 2*b = -5*u - b + 705. Let i be (-9)/5*(-940)/u. What is the greatest common factor of i and 636?
12
Let r be 2/(-4) - (-65)/2. Suppose 132 - r = 4*x. Suppose -3*q = -2*h + 335, 0 = 3*h - 4*q + 152 - 657. What is the highest common divisor of h and x?
25
Let f be 6952/237 - 4*2/(-12). Calculate the highest common divisor of f and 60510.
30
Let k = -171177 - -171186. Let a be 10/(-4)*-62 - 2. What is the highest common factor of k and a?
9
Let l(r) = -r**2 - 4*r + 13. Let u be l(-4). Suppose -u*j = -58 - 72. Let o(i) = i**3 - 3*i + 2. Let g be o(2). What is the greatest common factor of j and g?
2
Let y be (2 + -3)/((-2)/26). Suppose 0 = -8*q - 10*q. Suppose -d - 3*c = -0*d - y, q = -d + c + 25. Calculate the highest common factor of 44 and d.
22
Suppose 0 = z + 3*b + b - 80, 3*z - 5*b = 172. Suppose -m = 4 + z. Let d = -63 - m. Calculate the highest common factor of 5 and d.
5
Let z = -8992 + 9004. Calculate the highest common divisor of z and 723.
3
Suppose -747 = -2*q - 0*q + 3*p, 3*q + 5*p - 1130 = 0. Suppose 5*f + q = 2*j + 6*f, 0 = -4*j + f + 759. Calculate the highest common factor of 84 and j.
21
Let l be 30/((-110)/(-11)) + 0 + 3569. Calculate the greatest common factor of l and 152.
76
Let w be (-8 - 910/(-26))*21. Let i be (-81)/2*(-4)/3. Calculate the highest common factor of i and w.
27
Let a = -301 - -29. Let o = a + 488. Calculate the greatest common factor of 270 and o.
54
Let g(l) = 2*l + 3. Let u be (-4)/(-2)*3/(-2). Let t be g(u). Let m be t + (-4)/((-4)/13). Calculate the greatest common factor of m and 40.
10
Let n(x) = 3*x - 1. Let t be n(5). Suppose 2*q - 2*w - 134 = 0, -8*q - 283 = -12*q + w. Suppose q = 2*p + 30. What is the highest common divisor of p and t?
7
Let x(y) = 2*y**2 + 31*y - 61. Let w be x(-25). Calculate the greatest common divisor of 18 and w.
18
Suppose 5*m - 5*l - 425 = 0, 4*m - 240 = -5*l + 145. Let b be 24*(3 - (-5)/(-2)). Let g be 6/3*(-5 + 150/b). What is the highest common divisor of m and g?
15
Let v be -1 + 3/((-3)/(-40)). Let h = v - 42. Let r(m) = 3*m**2 - 2*m + 2. Let y be r(h). What is the greatest common factor of 315 and y?
35
Let u be ((-18)/2 - -4)*4176/(-30). Let x = 1019 - u. What is the greatest common divisor of x and 17?
17
Suppose 370*d - 660 = 365*d. Suppose 0 = 9*f + 24 - d. Calculate the highest common divisor of f 